
What is the units digit of 75978?
8
What is the millions digit of 4329035?
4
What is the ten thousands digit of 1014802?
1
What is the hundred thousands digit of 8610505?
6
What is the tens digit of 330473?
7
What is the ten thousands digit of 357884?
5
What is the thousands digit of 473721?
3
What is the thousands digit of 9570709?
0
What is the tens digit of 344664?
6
What is the hundred thousands digit of 1507608?
5
What is the thousands digit of 186903?
6
What is the hundreds digit of 1031306?
3
What is the hundreds digit of 2543889?
8
What is the units digit of 199920?
0
What is the tens digit of 490799?
9
What is the tens digit of 2651619?
1
What is the units digit of 7310207?
7
What is the thousands digit of 1393198?
3
What is the tens digit of 556995?
9
What is the millions digit of 5199725?
5
What is the units digit of 473380?
0
What is the ten thousands digit of 8742912?
4
What is the thousands digit of 93379?
3
What is the units digit of 14345808?
8
What is the units digit of 270861?
1
What is the thousands digit of 268077?
8
What is the thousands digit of 248312?
8
What is the units digit of 19647?
7
What is the tens digit of 193153?
5
What is the units digit of 9155185?
5
What is the tens digit of 223860?
6
What is the hundreds digit of 226001?
0
What is the tens digit of 22271?
7
What is the tens digit of 2109484?
8
What is the hundred thousands digit of 327939?
3
What is the millions digit of 9150547?
9
What is the tens digit of 1644375?
7
What is the tens digit of 1061810?
1
What is the hundred thousands digit of 10153572?
1
What is the tens digit of 6238411?
1
What is the thousands digit of 9560245?
0
What is the thousands digit of 216895?
6
What is the hundreds digit of 2776757?
7
What is the thousands digit of 258559?
8
What is the ten thousands digit of 5839939?
3
What is the ten thousands digit of 3664918?
6
What is the ten thousands digit of 7183219?
8
What is the tens digit of 256910?
1
What is the tens digit of 179294?
9
What is the units digit of 156308?
8
What is the thousands digit of 121896?
1
What is the thousands digit of 2180210?
0
What is the hundreds digit of 1009455?
4
What is the tens digit of 1259465?
6
What is the hundreds digit of 5444465?
4
What is the units digit of 76221?
1
What is the hundreds digit of 15194549?
5
What is the hundreds digit of 6208485?
4
What is the thousands digit of 23231131?
1
What is the units digit of 1111472?
2
What is the units digit of 1413478?
8
What is the hundreds digit of 579398?
3
What is the ten thousands digit of 211896?
1
What is the thousands digit of 3247644?
7
What is the tens digit of 2852222?
2
What is the hundreds digit of 93245?
2
What is the hundreds digit of 664377?
3
What is the tens digit of 242902?
0
What is the ten thousands digit of 95431?
9
What is the units digit of 117297?
7
What is the hundred thousands digit of 812716?
8
What is the units digit of 773946?
6
What is the units digit of 12126759?
9
What is the units digit of 5190865?
5
What is the ten thousands digit of 79178?
7
What is the ten thousands digit of 1290883?
9
What is the hundred thousands digit of 3599471?
5
What is the units digit of 16557181?
1
What is the ten thousands digit of 148842?
4
What is the hundreds digit of 1864698?
6
What is the ten thousands digit of 320978?
2
What is the thousands digit of 2604439?
4
What is the units digit of 1576427?
7
What is the millions digit of 8895534?
8
What is the tens digit of 287927?
2
What is the tens digit of 301329?
2
What is the tens digit of 7949168?
6
What is the units digit of 4688773?
3
What is the hundred thousands digit of 4422964?
4
What is the ten thousands digit of 1852067?
5
What is the thousands digit of 2264003?
4
What is the hundreds digit of 211505?
5
What is the ten thousands digit of 460178?
6
What is the units digit of 4591746?
6
What is the thousands digit of 1027256?
7
What is the millions digit of 17326664?
7
What is the hundred thousands digit of 735685?
7
What is the ten thousands digit of 12207646?
0
What is the tens digit of 42019585?
8
What is the tens digit of 617279?
7
What is the thousands digit of 55327?
5
What is the hundreds digit of 2203181?
1
What is the units digit of 3929545?
5
What is the tens digit of 255853?
5
What is the ten thousands digit of 8133803?
3
What is the hundreds digit of 1324622?
6
What is the units digit of 122849?
9
What is the hundred thousands digit of 9238312?
2
What is the hundreds digit of 2879576?
5
What is the ten thousands digit of 166985?
6
What is the units digit of 1531231?
1
What is the units digit of 243815?
5
What is the units digit of 281147?
7
What is the ten thousands digit of 2572361?
7
What is the thousands digit of 2962342?
2
What is the ten millions digit of 10785181?
1
What is the tens digit of 595894?
9
What is the tens digit of 2755040?
4
What is the tens digit of 26139599?
9
What is the ten thousands digit of 7957771?
5
What is the ten thousands digit of 320776?
2
What is the thousands digit of 946642?
6
What is the hundreds digit of 108?
1
What is the units digit of 5311055?
5
What is the hundreds digit of 218455?
4
What is the ten thousands digit of 27117062?
1
What is the hundreds digit of 4890888?
8
What is the millions digit of 4735954?
4
What is the hundred thousands digit of 464112?
4
What is the units digit of 91895?
5
What is the units digit of 505044?
4
What is the hundreds digit of 143670?
6
What is the thousands digit of 106488?
6
What is the ten thousands digit of 7438102?
3
What is the thousands digit of 3992593?
2
What is the millions digit of 2349381?
2
What is the thousands digit of 133585?
3
What is the units digit of 583396?
6
What is the hundred thousands digit of 1492943?
4
What is the tens digit of 11670844?
4
What is the hundreds digit of 9699245?
2
What is the hundreds digit of 7703341?
3
What is the tens digit of 661585?
8
What is the hundred thousands digit of 419055?
4
What is the hundred thousands digit of 1239393?
2
What is the hundred thousands digit of 661584?
6
What is the hundreds digit of 11356731?
7
What is the units digit of 2348111?
1
What is the hundreds digit of 18558?
5
What is the thousands digit of 933730?
3
What is the units digit of 241767?
7
What is the units digit of 8002993?
3
What is the hundred thousands digit of 194445?
1
What is the hundreds digit of 15085827?
8
What is the units digit of 2874677?
7
What is the hundreds digit of 2501339?
3
What is the hundred thousands digit of 3012266?
0
What is the units digit of 22357124?
4
What is the ten thousands digit of 553767?
5
What is the hundreds digit of 15973476?
4
What is the hundred thousands digit of 3881866?
8
What is the hundred thousands digit of 7651506?
6
What is the thousands digit of 48641?
8
What is the ten thousands digit of 451556?
5
What is the hundreds digit of 228447?
4
What is the thousands digit of 33269?
3
What is the hundred thousands digit of 2127704?
1
What is the hundreds digit of 930784?
7
What is the hundred thousands digit of 10362657?
3
What is the ten thousands digit of 234681?
3
What is the thousands digit of 345568?
5
What is the hundred thousands digit of 14031581?
0
What is the tens digit of 977516?
1
What is the thousands digit of 278100?
8
What is the thousands digit of 1821696?
1
What is the ten thousands digit of 20635?
2
What is the hundreds digit of 21558835?
8
What is the ten thousands digit of 543464?
4
What is the hundreds digit of 785030?
0
What is the units digit of 272054?
4
What is the hundred thousands digit of 507637?
5
What is the tens digit of 466264?
6
What is the hundreds digit of 110414?
4
What is the ten thousands digit of 9276299?
7
What is the hundreds digit of 121396?
3
What is the tens digit of 13811478?
7
What is the thousands digit of 7274770?
4
What is the hundreds digit of 9525598?
5
What is the thousands digit of 254547?
4
What is the ten thousands digit of 111065?
1
What is the millions digit of 3725703?
3
What is the millions digit of 19849820?
9
What is the units digit of 4000236?
6
What is the tens digit of 99990?
9
What is the units digit of 254493?
3
What is the ten thousands digit of 16802337?
0
What is the tens digit of 7939920?
2
What is the hundreds digit of 246925?
9
What is the thousands d